of c and a.
7
Suppose 2*h - o - 18 = 0, -3*h + 4*o + 6 = -h. What is the highest common divisor of h and 99?
11
Suppose 3*a - 213 = 2*t, 0*t + 2*t = -2*a + 132. Suppose 0 = 4*y - 19 - a. Calculate the greatest common factor of 33 and y.
11
Let y be 0 - (-1*1 + -1). Suppose 2*w - 4*w + 2 = 0. Let u be (-33)/(-4) - w/4. Calculate the greatest common factor of u and y.
2
Suppose -35 = -4*q - 3*a, 4*q - 5*a - 59 = -0*a. Calculate the greatest common divisor of 99 and q.
11
Let l = 0 - -9. Suppose 0 = 2*f + 3*f - 25, -f = -2*k + l. Suppose -2*t - 181 = -3*i + 2*t, 0 = 4*t - 8. What is the highest common divisor of i and k?
7
Let z be (20/(-6) + 3)*-24. Let j = -18 - -19. Calculate the highest common divisor of j and z.
1
Let d be (9/(-6) - 0)*-2. Suppose 4*s - 57 = d*s. What is the highest common divisor of 19 and s?
19
Let k(x) = -42*x**2 - 3*x - 3. Let v be k(-2). Let w be v/((-2)/(4 - 2)). What is the greatest common factor of 15 and w?
15
Let s be -4 + 2 + 1*26. Suppose -5*q + 26 = -s. Calculate the greatest common divisor of q and 80.
10
Let j = 49 + -34. Calculate the highest common divisor of j and 30.
15
Let v = 8 + -4. Suppose 3*y - 2 - v = 0. Suppose 2*x = -y*x + 48. Calculate the greatest common factor of x and 8.
4
Let o = 1 - 0. Let a be (-80)/(-12) - ((-35)/15)/7. Calculate the greatest common factor of a and o.
1
Let o = -16 - -43. Let b = o - 7. Let v be (-5 + 0)*(-4 - -2). Calculate the highest common factor of b and v.
10
Suppose 8*a + 4*b - 90 = 3*a, 0 = a - 2*b - 18. Calculate the greatest common factor of a and 24.
6
Suppose -2*t = 2*t + 3*m - 33, -t - 2*m + 12 = 0. Let b = -8 + 26. What is the highest common divisor of t and b?
6
Let a(y) = y**3 - 9*y**2 + 12*y - 8. Let d = 14 - 6. Let v be a(d). Suppose 0*z - v = -z. What is the highest common divisor of 3 and z?
3
Let g be ((-5)/(-10))/(2/(-8)). Let z be ((-33)/6)/(g/4). Suppose 7 = 5*t + 2. Calculate the highest common divisor of z and t.
1
Suppose -4*h - w = -38, -2*h + 12 = -4*w + 2. What is the greatest common divisor of 81 and h?
9
Let n(h) = h - 9. Let p be n(9). Suppose 2*c - 4*c + 16 = p. Suppose -6*v = -2*v - 160. What is the highest common divisor of v and c?
8
Let f be (-6*5)/((-4)/2). Calculate the greatest common factor of 15 and f.
15
Suppose 2*r - r - 4*i + 1 = 0, -2*r = -3*i - 18. Calculate the greatest common divisor of r and 150.
15
Let m be 4/12*1 - 494/(-3). What is the highest common divisor of m and 55?
55
Suppose -3*s + 2*s = 29. Let m = -18 - s. What is the highest common factor of m and 77?
11
Let a(x) = 24*x + 1. Let s be a(1). What is the highest common divisor of 225 and s?
25
Suppose 2*z - 7 = 57. Let q = 7 - -9. What is the highest common factor of q and z?
16
Let h be 5/(-10)*(-1 - 9). Suppose 0*v - h*v = 0, 1 = c + 4*v. What is the highest common factor of c and 1?
1
Let c = -1 + 11. Let r(i) = 14*i**2 - 3*i - 2. Let f be r(-2). Let y be f/27 + (-4)/18. What is the greatest common divisor of y and c?
2
Let y = -69 - -99. Calculate the greatest common factor of y and 6.
6
Suppose 0 = -5*b + 11 - 1, -5*b + 65 = 5*w. Calculate the greatest common divisor of w and 1.
1
Suppose -2 = -4*x + 3*x. Suppose 2*h = -x*h. Suppose 0 = -3*u + 3*p + 24, h = 3*u - 3*p + 2*p - 18. Calculate the highest common divisor of u and 40.
5
Let i be 353 - (4 + 4 + -5). Calculate the greatest common divisor of i and 14.
14
Suppose 10*b + 25 = 11*b. Calculate the greatest common factor of 50 and b.
25
Let d = 35 - 19. Let w(m) = -m**3 + 11*m**2 + 5*m + 8. Let o be w(8). Suppose -4*x + o - 80 = 0. What is the highest common factor of d and x?
8
Suppose 0*m = 4*m - 5*q - 20, 3*q = 2*m - 8. What is the highest common factor of 25 and m?
5
Suppose 2*c - 15 = -c. Let d = -46 + 66. Calculate the greatest common factor of c and d.
5
Let z = 11 - 20. Let f = z + 13. Suppose 0 = -4*c + d + 28, 2*c - 2*d + 4 = f*c. Calculate the highest common divisor of c and 48.
6
Let d be (-138)/(-7) + 4/14. Let g(m) = 5*m + 32. Let v be g(-6). Calculate the highest common factor of d and v.
2
Let i be ((-14)/(-6))/((-16)/(-48)). What is the highest common divisor of i and 7?
7
Let j(h) = h**2 - 17*h + 49. Let t be j(14). What is the greatest common divisor of t and 21?
7
Let x = 2 + 10. What is the greatest common divisor of x and 132?
12
Let f = -13 - -18. Suppose 2*i + f*q + 54 = 146, 0 = -3*i - 3*q + 156. What is the greatest common factor of i and 84?
28
Let l = -59 - -78. Calculate the highest common divisor of 133 and l.
19
Suppose 2*n - 2*w - 36 = w, -w + 56 = 5*n. Suppose 14 = 3*a - 22. What is the highest common factor of a and n?
12
Let h(o) = -43*o + 14. Let v be h(-7). What is the highest common divisor of v and 45?
45
Let s = 36 + 10. What is the highest common factor of 23 and s?
23
Let z(s) = s**3 + 26*s**2 - 4*s + 20. Let r be z(-26). Calculate the highest common divisor of 31 and r.
31
Let l be -123 - 4/(-8)*6. Let s be (5/(-2))/(4/l). Calculate the highest common factor of s and 15.
15
Suppose -2 - 3 = -z + 3*q, 5*z = -4*q + 44. Let l be (-16)/10*(-55 + 0). Calculate the highest common factor of l and z.
8
Suppose -2*w - 3*a + 1 = 0, -2*a + a = 1. Let b = w + 4. Calculate the highest common divisor of 66 and b.
6
Suppose 0 = -r + j, 6*r - 4*j = r + 2. Calculate the greatest common factor of 32 and r.
2
Suppose -4*y - 4*s + 48 = 0, 2*y - 3*s = -2*s + 21. Let r = -33 - -111. Suppose 0 = 2*d - r - 10. Calculate the highest common factor of y and d.
11
Suppose 3*d = -5 - 13. Let j(q) = 2*q**2 + 8*q + 2. Let r be j(d). Calculate the greatest common factor of 13 and r.
13
Let n = -2 - -10. Let o be (n*1)/((-1)/(-6)). Suppose 0 = -4*k - 2*m + 58, k - 3*m + 3 = 28. What is the highest common factor of o and k?
16
Let v = -1 + 2. Suppose -2*t - 169 + 183 = 0. What is the greatest common divisor of t and v?
1
Let m = -5 + 15. Suppose 0 = m*b - 6*b. Let y = b - -3. What is the highest common divisor of 15 and y?
3
Suppose q = 6 - 0. Let o be (-3)/(-9) - (-328)/6. Suppose -5*u + 2*d + o = 0, 0*u = -4*u - 2*d + 26. Calculate the highest common divisor of q and u.
3
Suppose 7 = x - o, -o + 35 = 5*x - 0. Suppose 0 = -t + 5*t. Suppose t*l - 70 = -2*l. What is the greatest common factor of l and x?
7
Let x be 4*(10/(-4))/(-5). Let z be ((-30)/9)/(x/12). Let a = z + 28. What is the greatest common divisor of a and 8?
8
Suppose -2*p = -7*p + 35. Let o = 0 + p. Calculate the greatest common divisor of o and 49.
7
Let v(j) = -j**3 - j**2 + 3*j + 2. Let g be v(-3). Let h = 86 + -42. Let z = g + h. What is the highest common factor of z and 11?
11
Suppose -5*t + c + 74 = 0, -c = 4*t + t - 76. Let f be -2 + (-1)/((-2)/30). Let d = t + f. Calculate the greatest common divisor of d and 7.
7
Suppose i = -i. Suppose 3*g - 15 = i, g + 135 = 6*o - o. Let z = o + -17. What is the greatest common factor of z and 121?
11
Suppose 2*l = 10 + 10. Let s be 3/((-30)/(-4))*5. Suppose g = -s*g + 30. Calculate the highest common divisor of l and g.
10
Suppose -5*r + 5 = 0, -2*r = q - 4*q + 4. Calculate the highest common factor of 2 and q.
2
Let a(v) = -19*v - 23. Let b be a(-3). Calculate the highest common factor of b and 136.
34
Suppose 5*g + 0 = 20. Let h be (-55)/(-4) + g/16. Let w be ((-21)/(-12))/((-4)/(-128)). What is the highest common factor of w and h?
14
Let n be 6/(-8)*(-532)/7. Calculate the highest common divisor of 3 and n.
3
Suppose 3 + 3 = 3*f. Let l be (61/f - 3)*2. Calculate the highest common divisor of 22 and l.
11
Let k be 3*(136/(-3))/4. Let w = k + 54. What is the greatest common divisor of 50 and w?
10
Suppose -2*o - 3*o = -35. Let r be 0 + (o + 2)/3. Calculate the greatest common divisor of r and 27.
3
Let k(t) = 2*t - 4. Let n be k(3). Let i = 9 - 8. Calculate the greatest common factor of n and i.
1
Suppose 1440 = 15*y - 5*y. Suppose -3*s + 54 = -0*s. Calculate the highest common divisor of y and s.
18
Let a = 0 - -5. Suppose -a*j = -0*j - 50. What is the highest common divisor of 30 and j?
10
Suppose o + 5*f = 0, -o - o - 3*f = -14. Suppose 2*l + 125 = 7*l. What is the highest common factor of o and l?
5
Let g be (-16)/((-8)/2) + 3. Let r be g + (-9)/3 - -20. Suppose 21 = 3*c - 3. What is the greatest common factor of r and c?
8
Suppose -4*q + 6 = -2*q. Let t be -90*(-4)/5*q. Suppos